{"id":144,"date":"2021-09-27T16:21:50","date_gmt":"2021-09-27T14:21:50","guid":{"rendered":"https:\/\/www.elegantvtc-paysbasque.fr\/?page_id=144"},"modified":"2021-09-27T16:21:50","modified_gmt":"2021-09-27T14:21:50","slug":"mentions-legales","status":"publish","type":"page","link":"https:\/\/www.elegantvtc-paysbasque.fr\/index.php\/mentions-legales\/","title":{"rendered":"Mentions l\u00e9gales"},"content":{"rendered":"\n<p>Le pr\u00e9sente page constitue les mentions l\u00e9gales et conditions d&rsquo;utilisation du site .<\/p>\n\n\n\n<p>Nous avons \u00e9num\u00e9r\u00e9 ci-dessous les conditions juridiques importantes qui s&rsquo;appliquent \u00e0 chaque visiteur du site ou \u00e0 l\u2019utilisateur du site . Ces modalit\u00e9s sont n\u00e9cessaires afin de vous et de nous prot\u00e9ger, et de pouvoir fournir notre service d&rsquo;une mani\u00e8re satisfaisante pour chacun.<\/p>\n\n\n\n<h2 class=\"wp-block-heading\">Le site est \u00e9dit\u00e9 par :<\/h2>\n\n\n\n<p>Nom ou Raison sociale : ADOUR POMPES FUNEBRES<\/p>\n\n\n\n<p>Adresse : 4 rue de Lohitzun, 64990 SAINT PIERRE D&rsquo;IRUBE<\/p>\n\n\n\n<p>T\u00e9l\u00e9phone : 05.59.08.76.82<\/p>\n\n\n\n<p>N\u00b0 SIRET de l\u2019\u00e9tablissement : 801 408 451<\/p>\n\n\n\n<p>Directeur de r\u00e9daction et de publication : ADOUR POMPES FUNEBRES<\/p>\n\n\n\n<p>Le site est h\u00e9berg\u00e9 par : OVH &#8211; 2 Rue Kellermann &#8211; 59100 Roubaix \u2013 https:\/\/www.ovh.com\/fr\/<\/p>\n\n\n\n<p>La cr\u00e9ation du site a \u00e9t\u00e9 effectu\u00e9 par :<\/p>\n\n\n\n<p>MikaProd &#8211; https:\/\/www.mikaprod.com<\/p>\n\n\n\n<h2 class=\"wp-block-heading\">Conditions g\u00e9n\u00e9rales d\u2019utilisation du site et des services propos\u00e9s<\/h2>\n\n\n\n<p>Les pr\u00e9sentes mentions l\u00e9gales ainsi que conditions g\u00e9n\u00e9rales d&rsquo;utilisation ci-apr\u00e8s d\u00e9crites ont pour objet de d\u00e9finir les droits et obligations des Utilisateurs relatifs \u00e0 l\u2019utilisation du site . Elles entrent en vigueur \u00e0 la date de leur mise en ligne sur le site et sont opposables \u00e0 la date de la premi\u00e8re utilisation du site par l&rsquo;Utilisateur, pendant toute la dur\u00e9e de son utilisation.<\/p>\n\n\n\n<h2 class=\"wp-block-heading\">Dur\u00e9e du site et des services propos\u00e9s<\/h2>\n\n\n\n<p>L&rsquo;utilisation du site est \u00e0 dur\u00e9e ind\u00e9termin\u00e9e, pouvant y mettre un terme \u00e0 tout moment. L\u2019Utilisateur peut \u00e0 tout moment renoncer \u00e0 utiliser le site . Les CGU sont opposables \u00e0 l\u2019Utilisateur pendant toute la dur\u00e9e d\u2019existence du site ou jusqu&rsquo;\u00e0 ce que de nouvelles conditions g\u00e9n\u00e9rales d&rsquo;utilisation les remplacent.<\/p>\n\n\n\n<h2 class=\"wp-block-heading\">Limitations de responsabilit\u00e9<\/h2>\n\n\n\n<p>Le site utilise diff\u00e9rentes technologies comme le langage JavaScript.<\/p>\n\n\n\n<p>Le site Internet ne pourra \u00eatre tenu responsable de dommages mat\u00e9riels ou immat\u00e9riels li\u00e9s \u00e0 son utilisation. De plus, l\u2019utilisateur du site s\u2019engage \u00e0 acc\u00e9der au site en utilisant un mat\u00e9riel r\u00e9cent, ne contenant pas de virus et avec un navigateur de derni\u00e8re g\u00e9n\u00e9ration mis-\u00e0-jour.<\/p>\n\n\n\n<p>Le site ne pourra donc \u00eatre tenu responsable des dommages directs et indirects caus\u00e9s au mat\u00e9riel de l\u2019utilisateur, lors de l\u2019acc\u00e8s au site , et r\u00e9sultant soit de l\u2019utilisation d\u2019un mat\u00e9riel ne r\u00e9pondant pas aux sp\u00e9cifications indiqu\u00e9es, soit de l\u2019apparition d\u2019un bug ou d\u2019une incompatibilit\u00e9.<\/p>\n\n\n\n<p>Des espaces interactifs (possibilit\u00e9 de poser des questions dans l\u2019espace contact) sont \u00e0 la disposition des utilisateurs. se r\u00e9serve le droit de supprimer, sans mise en demeure pr\u00e9alable, tout contenu d\u00e9pos\u00e9 dans ces espaces qui contreviendrait \u00e0 la l\u00e9gislation applicable en France, en particulier aux dispositions relatives \u00e0 la protection des donn\u00e9es. Le cas \u00e9ch\u00e9ant, se r\u00e9serve \u00e9galement la possibilit\u00e9 de mettre en cause la responsabilit\u00e9 civile et\/ou p\u00e9nale de l\u2019utilisateur, notamment en cas de message \u00e0 caract\u00e8re raciste, injurieux, diffamant, ou pornographique, quel que soit le support utilis\u00e9 (texte, photographie\u2026).<\/p>\n\n\n\n<p>L&rsquo;Utilisateur reconna\u00eet que la responsabilit\u00e9 de ADOUR POMPES FUNEBRES ne saurait \u00eatre retenue, de quelque mani\u00e8re que ce soit, et \u00e0 quelque titre que ce soit, pour tous dommages directs (notamment immat\u00e9riels) et\/ou indirects, relatifs \u00e0 l&rsquo;Utilisation du site par l&rsquo;Utilisateur. L&rsquo;Utilisateur demeurant le seul responsable \u00e0 ce titre. ADOUR POMPES FUNEBRES se r\u00e9serve le droit de mener toutes actions n\u00e9cessaires pour garantir le parfait respect de ses obligations par l&rsquo;Utilisateur.<\/p>\n\n\n\n<p>L&rsquo;Utilisateur est responsable de l&rsquo;utilisation qu&rsquo;il fait des informations mises \u00e0 sa disposition sur le site , et doit par cons\u00e9quent veiller \u00e0 \u00eatre en possession de tous les \u00e9l\u00e9ments n\u00e9cessaires \u00e0 la prise d&rsquo;une d\u00e9cision conforme \u00e0 ses int\u00e9r\u00eats. ADOUR POMPES FUNEBRES ne pourra en aucun cas \u00eatre tenue responsable des d\u00e9cisions de toute nature qui pourraient \u00eatre prises par l&rsquo;Utilisateur sur la base des informations accessibles sur le site .<\/p>\n\n\n\n<p>ADOUR POMPES FUNEBRES ne garantit pas contre et ne peut \u00eatre consid\u00e9r\u00e9 comme responsable de la perte ou de l&rsquo;alt\u00e9ration des fichiers ou donn\u00e9es que l&rsquo;utilisateur transf\u00e8re sur son Site. L&rsquo;utilisateur accepte de transf\u00e9rer ces donn\u00e9es et fichiers sous sa seule responsabilit\u00e9 et en connaissance de cause. Il incombe \u00e0 l&rsquo;utilisateur d&rsquo;effectuer toute mesure de sauvegarde qui lui semblera n\u00e9cessaire.<\/p>\n\n\n\n<p>ADOUR POMPES FUNEBRES ne peut notamment \u00eatre consid\u00e9r\u00e9e comme responsable :<\/p>\n\n\n\n<p>\u2022 du mauvais fonctionnement, de la discontinuit\u00e9 ou de la mauvaise qualit\u00e9 des services propos\u00e9s sur le Site de l&rsquo;utilisateur ;<\/p>\n\n\n\n<p>\u2022 de la non conclusion ou de tout litige dans la conclusion ou l&rsquo;ex\u00e9cution d&rsquo;un contrat propos\u00e9 sur le Site de l&rsquo;utilisateur ;<\/p>\n\n\n\n<p>\u2022 des vices cach\u00e9s, de la conformit\u00e9, de la l\u00e9galit\u00e9 ou de la dangerosit\u00e9 des biens et services propos\u00e9s sur le Site de l&rsquo;utilisateur ;<\/p>\n\n\n\n<p>\u2022 des mensonges, exag\u00e9rations, vols, violences, r\u00e9ticences dolosives commise par l&rsquo;utilisateur.<\/p>\n\n\n\n<p>ADOUR POMPES FUNEBRES se r\u00e9serve la possibilit\u00e9 de rendre le Site ou les services momentan\u00e9ment indisponibles pour des raisons de maintenance ou de proc\u00e9dures d\u2019actualisations.<\/p>\n\n\n\n<p>Nous avons l&rsquo;obligation l\u00e9gale de coop\u00e9rer avec les autorit\u00e9s qui souhaiteraient effectuer des v\u00e9rifications relatives aux contenus ou \u00e0 l&rsquo;identit\u00e9 des utilisateurs du service, et s&rsquo;y soumet. Les utilisateurs du service se d\u00e9clarent inform\u00e9s que ADOUR POMPES FUNEBRES peut \u00eatre d\u00e9livr\u00e9 de son secret professionnel dans les conditions pr\u00e9vues par l&rsquo;article 6 de la loi du 21 Juin 2004, et y consentent.<\/p>\n\n\n\n<p>ADOUR POMPES FUNEBRES ne saurait \u00eatre tenue pour responsable d&rsquo;un probl\u00e8me li\u00e9 au contenu trouv\u00e9 sur une page par elle mise \u00e0 disposition. L\u2019h\u00e9bergeur n&rsquo;est pas soumis \u00e0 une obligation g\u00e9n\u00e9rale de surveiller les informations qu&rsquo;elle stocke, ni de rechercher des faits ou des circonstances r\u00e9v\u00e9lant des activit\u00e9s illicites. Cependant, ADOUR POMPES FUNEBRES est amen\u00e9e \u00e0 informer les autorit\u00e9s publiques comp\u00e9tentes des activit\u00e9s ou informations manifestement illicites dont elle a pris connaissance dans l&rsquo;exercice de son activit\u00e9.<\/p>\n\n\n\n<p>L\u2019h\u00e9bergeur est tenu de d\u00e9tenir et de conserver les donn\u00e9es de nature \u00e0 permettre l&rsquo;identification de toute personne ayant contribu\u00e9 \u00e0 la cr\u00e9ation d&rsquo;un contenu sur ses services.<\/p>\n\n\n\n<h2 class=\"wp-block-heading\">Droit d\u2019auteur et Contenu des pages Web<\/h2>\n\n\n\n<p>Tout contenu publi\u00e9 par l\u2019Utilisateur sur le site doit \u00eatre clairement rattach\u00e9 \u00e0 l\u2019Utilisateur. ADOUR POMPES FUNEBRES attire l&rsquo;attention de l\u2019utilisateur sur le fait que d&rsquo;autres obligations peuvent lui incomber, par exemple, en cas de mise \u00e0 disposition de donn\u00e9es \u00e0 caract\u00e8re personnel touchant les usagers du site. L\u2019Utilisateur d\u00e9gage ADOUR POMPES FUNEBRES de toute responsabilit\u00e9 \u00e0 l&rsquo;\u00e9gard des tiers r\u00e9sultant du non-respect, par celui-ci, de l&rsquo;une quelconque de ses obligations ; il garantira \u00e0 ce titre ADOUR POMPES FUNEBRES en cas de demande ou de recours \u00e0 son encontre.<\/p>\n\n\n\n<p>L\u2019Utilisateur du site s&rsquo;engage \u00e0 ne pas porter atteinte de quelque mani\u00e8re que ce soit \u00e0 la loi, \u00e0 l&rsquo;ordre public (violence, incitation \u00e0 la haine raciale, fourniture de produits ou services strictement prohib\u00e9s sur le territoire, telle la distribution\/diffusion\/mise \u00e0 disposition d&rsquo;images p\u00e9dopornographiques etc.), aux bonnes m\u0153urs et\/ou aux droits des tiers (droits de propri\u00e9t\u00e9 intellectuelle, droit \u00e0 la vie priv\u00e9e etc.).<\/p>\n\n\n\n<p>L\u2019Utilisateur du site est seul responsable des contenus diffus\u00e9s par lui. ADOUR POMPES FUNEBRES ne saurait en aucune mani\u00e8re \u00eatre responsable de la l\u00e9galit\u00e9 des contenus diffus\u00e9s par l\u2019Utilisateur. ADOUR POMPES FUNEBRES n&rsquo;est pas tenu de v\u00e9rifier si le contenu de l\u2019Utilisateur du site constitue une quelconque infraction \u00e0 la loi. Si constate n\u00e9anmoins une infraction \u00e0 la loi, il est autoris\u00e9 \u00e0 interrompre et\/ou supprimer le compte de l\u2019utilisateur. Il en ira a fortiori de m\u00eame en cas de r\u00e9quisition de l&rsquo;autorit\u00e9 publique ou de demande en justice ou de r\u00e9clamations de tiers qui, selon , pourraient appara\u00eetre justifi\u00e9es et suffisamment s\u00e9rieuses.<\/p>\n\n\n\n<p>se r\u00e9serve le droit de proc\u00e9der \u00e0 des op\u00e9rations de surveillance cibl\u00e9es et temporaires relatives \u00e0 l&rsquo;utilisation de son service et d&rsquo;interrompre l&rsquo;acc\u00e8s aux services et\/ou supprimer le compte utilisateur, en cas de manquement de l\u2019Utilisateur aux obligations d\u00e9finies pr\u00e9alablement. L\u2019Utilisateur sera par ailleurs pleinement responsable de tout dommage subi de ce fait par l\u2019Utilisateur lui-m\u00eame, ou toute autre personne.<\/p>\n\n\n\n<h2 class=\"wp-block-heading\">Modification du site et des CGU<\/h2>\n\n\n\n<p>se r\u00e9serve le droit de modifier, \u00e0 tout moment et sans pr\u00e9avis, tout ou partie du site ainsi que les CGU. En cons\u00e9quence, l&rsquo;Utilisateur reconna\u00eet et accepte qu&rsquo;aucune indemnit\u00e9 de quelque nature que ce soit ne pourra lui \u00eatre accord\u00e9e \u00e0 ce titre. Il est, par ailleurs, conseill\u00e9 \u00e0 l&rsquo;Utilisateur de se r\u00e9f\u00e9rer r\u00e9guli\u00e8rement \u00e0 la derni\u00e8re version des CGU disponible en permanence sur .<\/p>\n\n\n\n<p>Les modifications du Site et des pr\u00e9sentes CGU entrent en vigueur \u00e0 la date de leur mise en ligne sur le site et sont opposables \u00e0 la date de la premi\u00e8re utilisation par l&rsquo;Utilisateur. L&rsquo;utilisation du site implique la pleine et enti\u00e8re acceptation de toute r\u00e9vision ou modification du site et de ses CGU.<\/p>\n\n\n\n<h2 class=\"wp-block-heading\">Gestion donn\u00e9es personnelles<\/h2>\n\n\n\n<p>les conditions et informations li\u00e9s \u00e0 la gestion des donn\u00e9es personnelles sont disponibles dans la page d\u00e9di\u00e9e \u00e0 cet effet :\u00a0<a href=\"https:\/\/www.elegantvtc-paysbasque.fr\/index.php\/politique-de-confidentialite\/\">Politique de confidentialit\u00e9<\/a><\/p>\n\n\n\n<h2 class=\"wp-block-heading\">Liens hypertextes et cookies<\/h2>\n\n\n\n<p>L\u2019utilisateur est inform\u00e9 que lors de ses visites sur le site , un cookie peut s\u2019installer automatiquement et \u00eatre conserv\u00e9 temporairement en m\u00e9moire ou sur son disque dur. Un cookie est un fichier de petite taille, qui ne permet pas l\u2019identification de l\u2019utilisateur, mais qui enregistre des informations relatives \u00e0 la navigation d\u2019un ordinateur sur un site. Les donn\u00e9es ainsi obtenues visent \u00e0 faciliter la navigation ult\u00e9rieure sur le site , et ont \u00e9galement vocation \u00e0 permettre diverses mesures de fr\u00e9quentation.<\/p>\n\n\n\n<p>Les utilisateurs du site reconnaissent avoir \u00e9t\u00e9 inform\u00e9s de cette pratique et autorisent \u00e0 l\u2019employer. Ils pourront d\u00e9sactiver ce cookie par l\u2019interm\u00e9diaire des param\u00e8tres figurant au sein de leur logiciel de navigation. Le refus d\u2019installation d\u2019un cookie peut entra\u00eener l\u2019impossibilit\u00e9 d\u2019acc\u00e9der \u00e0 certains services.<\/p>\n\n\n\n<h2 class=\"wp-block-heading\">Signaler un probl\u00e8me technique<\/h2>\n\n\n\n<p>Pour toute question et\/ou r\u00e9clamation, concernant le site , vous pouvez nous contacter par courrier \u00e9lectronique en utilisant le formulaire de contact.<\/p>\n\n\n\n<h2 class=\"wp-block-heading\">Droit applicable et attribution de juridiction<\/h2>\n\n\n\n<p>Les pr\u00e9sentes Conditions G\u00e9n\u00e9rales d&rsquo;Utilisation sont r\u00e9gies par la Loi et la langue fran\u00e7aise.<\/p>\n\n\n\n<p>L\u2019utilisateur du service accepte que tout litige ou grief li\u00e9 au fonctionnement de ce service soit r\u00e9gl\u00e9 devant une juridiction du ressort du si\u00e8ge social de ADOUR POMPES FUNEBRES.<\/p>\n\n\n\n<p>Les pr\u00e9sentes Conditions G\u00e9n\u00e9rales d&rsquo;Utilisation sont susceptibles d&rsquo;\u00eatre modifi\u00e9es par ADOUR POMPES FUNEBRES \u00e0 tout moment, notamment en cas d&rsquo;\u00e9volutions techniques, l\u00e9gales ou jurisprudentielles ou lors de la mise en place de nouveaux services. L\u2019utilisateur se doit de v\u00e9rifier r\u00e9guli\u00e8rement les pr\u00e9sentes Conditions G\u00e9n\u00e9rales d\u2019utilisations et s&rsquo;engage \u00e0 arr\u00eater imm\u00e9diatement toute utilisation du service en cas de d\u00e9sapprobation de celles-ci, l&rsquo;utilisateur \u00e9tant tenu d&rsquo;accepter les pr\u00e9sentes Conditions G\u00e9n\u00e9rales d&rsquo;Utilisation sans r\u00e9serve. D\u00e8s lors que l&rsquo;utilisateur n&rsquo;approuve plus les pr\u00e9sentes Conditions G\u00e9n\u00e9rales d&rsquo;Utilisation, il s&rsquo;engage \u00e0 supprimer int\u00e9gralement son compte dans les plus brefs d\u00e9lais. L&rsquo;utilisation du service implique l&rsquo;acceptation par l\u2019utilisateur, de l&rsquo;ensemble des stipulations d\u00e9crites par les pr\u00e9sentes Conditions d&rsquo;Utilisation et de toutes les modifications que ADOUR POMPES FUNEBRES pourrait y apporter.<\/p>\n\n\n\n<h2 class=\"wp-block-heading\">M\u00e9diateur de la consommation<\/h2>\n\n\n\n<p>R\u00e8glement des Litiges de la consommation<\/p>\n\n\n\n<p>Conform\u00e9ment \u00e0 l&rsquo;ordonnance n\u00b0 2015-1033 du 20 ao\u00fbt 2015, son d\u00e9cret d&rsquo;application n\u00b0 2015-1382 du 30 octobre 2015, les articles L.611 \u00e0 L.616 et R612 \u00e0 R616 du code la consommation, le client consommateur, sous r\u00e9serve de l&rsquo;article L.152-2 du code de la consommation, a la facult\u00e9 d&rsquo;introduire une demande de r\u00e9solution amiable par voie de m\u00e9diation, dans un d\u00e9lai inf\u00e9rieur \u00e0 un an \u00e0 compter de sa r\u00e9clamation \u00e9crite aupr\u00e8s du professionnel.<\/p>\n\n\n\n<p>Cet \u00e9tablissement a d\u00e9sign\u00e9 la SAS M\u00e9diation Solution comme entit\u00e9 de m\u00e9diation de la consommation, par la signature d&rsquo;une convention enregistr\u00e9e sous le num\u00e9ro <strong>CS000535\/1911<\/strong><\/p>\n\n\n\n<p>Pour saisir le m\u00e9diateur, le consommateur doit formuler sa demande :<\/p>\n\n\n\n<p>&#8211; Soit par \u00e9crit \u00e0 :<\/p>\n\n\n\n<p><strong>Madame Eliane SIMON, m\u00e9diateur<\/strong><br><strong>Sas M\u00e9diation Solution<\/strong><br><strong>222 chemin de la bergerie<\/strong><br><strong>01800 Saint Jean de Niost<\/strong><br><strong>Tel. 04 82 53 93 06<\/strong><\/p>\n\n\n\n<p>&#8211; Soit par mail \u00e0 : <a href=\"mailto:contact@sasmediationsolution-conso.fr\">contact@sasmediationsolution-conso.fr<\/a><br>&#8211; Soit en remplissant le formulaire en ligne intitul\u00e9 \u00ab Saisir le m\u00e9diateur \u00bb sur le site <a href=\"https:\/\/www.sasmediationsolution-conso.fr\">https:\/\/www.sasmediationsolution-conso.fr<\/a><\/p>\n\n\n\n<p>Quel que soit le moyen de saisine utilis\u00e9, la demande doit imp\u00e9rativement contenir :<br>&#8211; Les coordonn\u00e9es postales, t\u00e9l\u00e9phoniques et \u00e9lectroniques du demandeur,<br>&#8211; Le nom et l&rsquo;adresse du professionnel concern\u00e9,<br>&#8211; Le num\u00e9ro de la convention : <strong>CS000535\/1911<\/strong><br>&#8211; Un expos\u00e9 succinct des faits,<br>&#8211; La copie de la demande pr\u00e9alable adress\u00e9e au professionnel<\/p>\n","protected":false},"excerpt":{"rendered":"<p>Le pr\u00e9sente page constitue les mentions l\u00e9gales et conditions d&rsquo;utilisation du site . Nous avons \u00e9num\u00e9r\u00e9 ci-dessous les conditions juridiques importantes qui s&rsquo;appliquent \u00e0 chaque visiteur du site ou \u00e0 &#8230;<\/p>\n","protected":false},"author":1,"featured_media":0,"parent":0,"menu_order":0,"comment_status":"closed","ping_status":"closed","template":"","meta":{"footnotes":""},"yoast_head":"<!-- This site is optimized with the Yoast SEO plugin v24.5 - https:\/\/yoast.com\/wordpress\/plugins\/seo\/ -->\n<title>Mentions l\u00e9gales - \u00c9l\u00e9gant V.T.C. Pays Basque<\/title>\n<meta name=\"robots\" content=\"index, follow, max-snippet:-1, max-image-preview:large, max-video-preview:-1\" \/>\n<link rel=\"canonical\" href=\"https:\/\/www.elegantvtc-paysbasque.fr\/index.php\/mentions-legales\/\" \/>\n<meta property=\"og:locale\" content=\"fr_FR\" \/>\n<meta property=\"og:type\" content=\"article\" \/>\n<meta property=\"og:title\" content=\"Mentions l\u00e9gales - \u00c9l\u00e9gant V.T.C. Pays Basque\" \/>\n<meta property=\"og:description\" content=\"Le pr\u00e9sente page constitue les mentions l\u00e9gales et conditions d&rsquo;utilisation du site . Nous avons \u00e9num\u00e9r\u00e9 ci-dessous les conditions juridiques importantes qui s&rsquo;appliquent \u00e0 chaque visiteur du site ou \u00e0 ...\" \/>\n<meta property=\"og:url\" content=\"https:\/\/www.elegantvtc-paysbasque.fr\/index.php\/mentions-legales\/\" \/>\n<meta property=\"og:site_name\" content=\"\u00c9l\u00e9gant V.T.C. Pays Basque\" \/>\n<meta name=\"twitter:card\" content=\"summary_large_image\" \/>\n<meta name=\"twitter:label1\" content=\"Dur\u00e9e de lecture estim\u00e9e\" \/>\n\t<meta name=\"twitter:data1\" content=\"9 minutes\" \/>\n<script type=\"application\/ld+json\" class=\"yoast-schema-graph\">{\"@context\":\"https:\/\/schema.org\",\"@graph\":[{\"@type\":\"WebPage\",\"@id\":\"https:\/\/www.elegantvtc-paysbasque.fr\/index.php\/mentions-legales\/\",\"url\":\"https:\/\/www.elegantvtc-paysbasque.fr\/index.php\/mentions-legales\/\",\"name\":\"Mentions l\u00e9gales - \u00c9l\u00e9gant V.T.C. Pays Basque\",\"isPartOf\":{\"@id\":\"https:\/\/www.elegantvtc-paysbasque.fr\/#website\"},\"datePublished\":\"2021-09-27T14:21:50+00:00\",\"breadcrumb\":{\"@id\":\"https:\/\/www.elegantvtc-paysbasque.fr\/index.php\/mentions-legales\/#breadcrumb\"},\"inLanguage\":\"fr-FR\",\"potentialAction\":[{\"@type\":\"ReadAction\",\"target\":[\"https:\/\/www.elegantvtc-paysbasque.fr\/index.php\/mentions-legales\/\"]}]},{\"@type\":\"BreadcrumbList\",\"@id\":\"https:\/\/www.elegantvtc-paysbasque.fr\/index.php\/mentions-legales\/#breadcrumb\",\"itemListElement\":[{\"@type\":\"ListItem\",\"position\":1,\"name\":\"Accueil\",\"item\":\"https:\/\/www.elegantvtc-paysbasque.fr\/\"},{\"@type\":\"ListItem\",\"position\":2,\"name\":\"Mentions l\u00e9gales\"}]},{\"@type\":\"WebSite\",\"@id\":\"https:\/\/www.elegantvtc-paysbasque.fr\/#website\",\"url\":\"https:\/\/www.elegantvtc-paysbasque.fr\/\",\"name\":\"\u00c9l\u00e9gant V.T.C. Pays Basque\",\"description\":\"Voiture avec chauffeur au Pays Basque\",\"potentialAction\":[{\"@type\":\"SearchAction\",\"target\":{\"@type\":\"EntryPoint\",\"urlTemplate\":\"https:\/\/www.elegantvtc-paysbasque.fr\/?s={search_term_string}\"},\"query-input\":{\"@type\":\"PropertyValueSpecification\",\"valueRequired\":true,\"valueName\":\"search_term_string\"}}],\"inLanguage\":\"fr-FR\"}]}<\/script>\n<!-- \/ Yoast SEO plugin. -->","yoast_head_json":{"title":"Mentions l\u00e9gales - \u00c9l\u00e9gant V.T.C. Pays Basque","robots":{"index":"index","follow":"follow","max-snippet":"max-snippet:-1","max-image-preview":"max-image-preview:large","max-video-preview":"max-video-preview:-1"},"canonical":"https:\/\/www.elegantvtc-paysbasque.fr\/index.php\/mentions-legales\/","og_locale":"fr_FR","og_type":"article","og_title":"Mentions l\u00e9gales - \u00c9l\u00e9gant V.T.C. Pays Basque","og_description":"Le pr\u00e9sente page constitue les mentions l\u00e9gales et conditions d&rsquo;utilisation du site . Nous avons \u00e9num\u00e9r\u00e9 ci-dessous les conditions juridiques importantes qui s&rsquo;appliquent \u00e0 chaque visiteur du site ou \u00e0 ...","og_url":"https:\/\/www.elegantvtc-paysbasque.fr\/index.php\/mentions-legales\/","og_site_name":"\u00c9l\u00e9gant V.T.C. Pays Basque","twitter_card":"summary_large_image","twitter_misc":{"Dur\u00e9e de lecture estim\u00e9e":"9 minutes"},"schema":{"@context":"https:\/\/schema.org","@graph":[{"@type":"WebPage","@id":"https:\/\/www.elegantvtc-paysbasque.fr\/index.php\/mentions-legales\/","url":"https:\/\/www.elegantvtc-paysbasque.fr\/index.php\/mentions-legales\/","name":"Mentions l\u00e9gales - \u00c9l\u00e9gant V.T.C. Pays Basque","isPartOf":{"@id":"https:\/\/www.elegantvtc-paysbasque.fr\/#website"},"datePublished":"2021-09-27T14:21:50+00:00","breadcrumb":{"@id":"https:\/\/www.elegantvtc-paysbasque.fr\/index.php\/mentions-legales\/#breadcrumb"},"inLanguage":"fr-FR","potentialAction":[{"@type":"ReadAction","target":["https:\/\/www.elegantvtc-paysbasque.fr\/index.php\/mentions-legales\/"]}]},{"@type":"BreadcrumbList","@id":"https:\/\/www.elegantvtc-paysbasque.fr\/index.php\/mentions-legales\/#breadcrumb","itemListElement":[{"@type":"ListItem","position":1,"name":"Accueil","item":"https:\/\/www.elegantvtc-paysbasque.fr\/"},{"@type":"ListItem","position":2,"name":"Mentions l\u00e9gales"}]},{"@type":"WebSite","@id":"https:\/\/www.elegantvtc-paysbasque.fr\/#website","url":"https:\/\/www.elegantvtc-paysbasque.fr\/","name":"\u00c9l\u00e9gant V.T.C. Pays Basque","description":"Voiture avec chauffeur au Pays Basque","potentialAction":[{"@type":"SearchAction","target":{"@type":"EntryPoint","urlTemplate":"https:\/\/www.elegantvtc-paysbasque.fr\/?s={search_term_string}"},"query-input":{"@type":"PropertyValueSpecification","valueRequired":true,"valueName":"search_term_string"}}],"inLanguage":"fr-FR"}]}},"_links":{"self":[{"href":"https:\/\/www.elegantvtc-paysbasque.fr\/index.php\/wp-json\/wp\/v2\/pages\/144"}],"collection":[{"href":"https:\/\/www.elegantvtc-paysbasque.fr\/index.php\/wp-json\/wp\/v2\/pages"}],"about":[{"href":"https:\/\/www.elegantvtc-paysbasque.fr\/index.php\/wp-json\/wp\/v2\/types\/page"}],"author":[{"embeddable":true,"href":"https:\/\/www.elegantvtc-paysbasque.fr\/index.php\/wp-json\/wp\/v2\/users\/1"}],"replies":[{"embeddable":true,"href":"https:\/\/www.elegantvtc-paysbasque.fr\/index.php\/wp-json\/wp\/v2\/comments?post=144"}],"version-history":[{"count":2,"href":"https:\/\/www.elegantvtc-paysbasque.fr\/index.php\/wp-json\/wp\/v2\/pages\/144\/revisions"}],"predecessor-version":[{"id":146,"href":"https:\/\/www.elegantvtc-paysbasque.fr\/index.php\/wp-json\/wp\/v2\/pages\/144\/revisions\/146"}],"wp:attachment":[{"href":"https:\/\/www.elegantvtc-paysbasque.fr\/index.php\/wp-json\/wp\/v2\/media?parent=144"}],"curies":[{"name":"wp","href":"https:\/\/api.w.org\/{rel}","templated":true}]}}